{"id":8968,"date":"2023-03-17T22:59:42","date_gmt":"2023-03-17T22:59:42","guid":{"rendered":"https:\/\/ladycosmetics.cl\/?post_type=product&#038;p=8968"},"modified":"2023-03-17T22:59:43","modified_gmt":"2023-03-17T22:59:43","slug":"mascarilla-para-labios-strawberry-lip-mask","status":"publish","type":"product","link":"https:\/\/ladycosmetics.cl\/index.php\/producto\/mascarilla-para-labios-strawberry-lip-mask\/","title":{"rendered":"Mascarilla para labios  Strawberry Lip Mask"},"content":{"rendered":"","protected":false},"excerpt":{"rendered":"<p>Junto la Mascarilla Para Labios Lip Mask Beauty Creations recupera la elasticidad y humectaci\u00f3n en tus labios. La mascarilla (lip mask) est\u00e1 enriquecida con aceite mineral y vitamina E que ayuda a hidratar y restaurar tus labios dej\u00e1ndolos suavecitos y perfectos. Nutre tus labios con la Mascarilla Para Labios Lip Mask Beauty Creations y luce labios radiantes y brillantes todo el d\u00eda. \u00a1Cuida tus labios con los mejores productos!<br \/>\nCaracter\u00edsticas:<br \/>\n* Marca: Beauty Creations<br \/>\n* Colecci\u00f3n: Beauty Creations Skin<br \/>\n* Modelo: Strawberry<br \/>\n* Incluye: 1 Lip Mask (3,8g)<br \/>\n* Cruelty Free<\/p>\n","protected":false},"featured_media":8969,"template":"","meta":[],"product_cat":[41,53],"product_tag":[],"acf":[],"_links":{"self":[{"href":"https:\/\/ladycosmetics.cl\/index.php\/wp-json\/wp\/v2\/product\/8968"}],"collection":[{"href":"https:\/\/ladycosmetics.cl\/index.php\/wp-json\/wp\/v2\/product"}],"about":[{"href":"https:\/\/ladycosmetics.cl\/index.php\/wp-json\/wp\/v2\/types\/product"}],"wp:featuredmedia":[{"embeddable":true,"href":"https:\/\/ladycosmetics.cl\/index.php\/wp-json\/wp\/v2\/media\/8969"}],"wp:attachment":[{"href":"https:\/\/ladycosmetics.cl\/index.php\/wp-json\/wp\/v2\/media?parent=8968"}],"wp:term":[{"taxonomy":"product_cat","embeddable":true,"href":"https:\/\/ladycosmetics.cl\/index.php\/wp-json\/wp\/v2\/product_cat?post=8968"},{"taxonomy":"product_tag","embeddable":true,"href":"https:\/\/ladycosmetics.cl\/index.php\/wp-json\/wp\/v2\/product_tag?post=8968"}],"curies":[{"name":"wp","href":"https:\/\/api.w.org\/{rel}","templated":true}]}}