{"id":8332,"date":"2022-02-11T20:19:48","date_gmt":"2022-02-11T20:19:48","guid":{"rendered":"https:\/\/ladycosmetics.cl\/?post_type=product&#038;p=8332"},"modified":"2025-05-06T00:00:02","modified_gmt":"2025-05-06T00:00:02","slug":"rizador-born-for-beuty","status":"publish","type":"product","link":"https:\/\/ladycosmetics.cl\/index.php\/producto\/rizador-born-for-beuty\/","title":{"rendered":"Rizador Born for Beauty"},"content":{"rendered":"<p>Temperaturas:<\/p>\n<p>65 \u00b0<br \/>\n75\u00b0<br \/>\n85\u00b0<br \/>\n95 \u00b0<\/p>\n","protected":false},"excerpt":{"rendered":"<p>Muchas lo pidieron por lo tanto nosotras las consentimos, ENCRESPADOR ELECTRICO dise\u00f1ado para dar una curvatura en 360 \u00b0 natural en tus pesta\u00f1as.<br \/>\nHagamos #MATCH\ud83d\udc95 con un solo bot\u00f3n, tus pesta\u00f1as estar\u00e1n en otro nivel\u26a1\ufe0f<\/p>\n<p>CON RECARGA USB.<\/p>\n<p>&nbsp;<\/p>\n","protected":false},"featured_media":8348,"template":"","meta":[],"product_cat":[41,46],"product_tag":[],"acf":[],"_links":{"self":[{"href":"https:\/\/ladycosmetics.cl\/index.php\/wp-json\/wp\/v2\/product\/8332"}],"collection":[{"href":"https:\/\/ladycosmetics.cl\/index.php\/wp-json\/wp\/v2\/product"}],"about":[{"href":"https:\/\/ladycosmetics.cl\/index.php\/wp-json\/wp\/v2\/types\/product"}],"wp:featuredmedia":[{"embeddable":true,"href":"https:\/\/ladycosmetics.cl\/index.php\/wp-json\/wp\/v2\/media\/8348"}],"wp:attachment":[{"href":"https:\/\/ladycosmetics.cl\/index.php\/wp-json\/wp\/v2\/media?parent=8332"}],"wp:term":[{"taxonomy":"product_cat","embeddable":true,"href":"https:\/\/ladycosmetics.cl\/index.php\/wp-json\/wp\/v2\/product_cat?post=8332"},{"taxonomy":"product_tag","embeddable":true,"href":"https:\/\/ladycosmetics.cl\/index.php\/wp-json\/wp\/v2\/product_tag?post=8332"}],"curies":[{"name":"wp","href":"https:\/\/api.w.org\/{rel}","templated":true}]}}