{"id":8274,"date":"2021-12-16T03:32:34","date_gmt":"2021-12-16T03:32:34","guid":{"rendered":"https:\/\/ladycosmetics.cl\/?post_type=product&#038;p=8274"},"modified":"2025-12-11T16:33:01","modified_gmt":"2025-12-11T16:33:01","slug":"mascarillas-de-labios","status":"publish","type":"product","link":"https:\/\/ladycosmetics.cl\/index.php\/producto\/mascarillas-de-labios\/","title":{"rendered":"Mascarillas de labios"},"content":{"rendered":"","protected":false},"excerpt":{"rendered":"<p>Despierta con los labios hidratados y nutridos \ud83d\udc8b<br \/>\nCon extractos de<\/p>\n<p>\ud83e\udd65 Aceite de coco<br \/>\n\ud83c\udf37 Aceite de rosa mosqueta.<br \/>\n\ud83c\udf53 Aceite de semilla de fresa humectantes.<\/p>\n<p>\u2763\ufe0fAct\u00faa reteniendo la humedad esencial durante la noche.<br \/>\n\u2763\ufe0f Apto para todo tipo de piel.<br \/>\n\u2763\ufe0fDermatol\u00f3gicamente testado.<br \/>\n\u2763\ufe0f Libre de parabenos y gluten.<br \/>\n\u2763\ufe0fApto para veranos.<\/p>\n<p>Modo de uso: \u00daselo todos los d\u00edas antes de dormir (saca una peque\u00f1a cantidad y masajea tus labios)<\/p>\n<p>Despu\u00e9s dejas actuar toda la noche y, \u00a1listo! Obtendr\u00e1s los labios m\u00e1s dulces \ud83d\udc8b.<\/p>\n<p>Contenido : 15 g.<\/p>\n","protected":false},"featured_media":8278,"template":"","meta":[],"product_cat":[41,53],"product_tag":[],"acf":[],"_links":{"self":[{"href":"https:\/\/ladycosmetics.cl\/index.php\/wp-json\/wp\/v2\/product\/8274"}],"collection":[{"href":"https:\/\/ladycosmetics.cl\/index.php\/wp-json\/wp\/v2\/product"}],"about":[{"href":"https:\/\/ladycosmetics.cl\/index.php\/wp-json\/wp\/v2\/types\/product"}],"wp:featuredmedia":[{"embeddable":true,"href":"https:\/\/ladycosmetics.cl\/index.php\/wp-json\/wp\/v2\/media\/8278"}],"wp:attachment":[{"href":"https:\/\/ladycosmetics.cl\/index.php\/wp-json\/wp\/v2\/media?parent=8274"}],"wp:term":[{"taxonomy":"product_cat","embeddable":true,"href":"https:\/\/ladycosmetics.cl\/index.php\/wp-json\/wp\/v2\/product_cat?post=8274"},{"taxonomy":"product_tag","embeddable":true,"href":"https:\/\/ladycosmetics.cl\/index.php\/wp-json\/wp\/v2\/product_tag?post=8274"}],"curies":[{"name":"wp","href":"https:\/\/api.w.org\/{rel}","templated":true}]}}